{"id":6,"date":"2024-05-14T13:58:03","date_gmt":"2024-05-14T11:58:03","guid":{"rendered":"http:\/\/108.org.pl\/?page_id=6"},"modified":"2024-05-14T14:23:48","modified_gmt":"2024-05-14T12:23:48","slug":"start","status":"publish","type":"page","link":"https:\/\/108.org.pl\/","title":{"rendered":"Start"},"content":{"rendered":"\n<p class=\"has-text-align-center\">G\u0142\u00f3wnym celem fundacji jest dzia\u0142anie na rzecz dobrobytu wszystkich istot, w szczeg\u00f3lno\u015bci ale nie wy\u0142\u0105cznie w obszarach spraw spo\u0142ecznych, obszarach nauki, o\u015bwiaty, wychowania, kultury i sztuki, dziedzictwa spo\u0142eczno-kulturowego, ochrony zdrowia, ochrony \u015brodowiska, proces\u00f3w gospodarczych oraz rozwoju i wykorzystania technologii dla dobra wszystkich.<\/p>\n\n\n\n<figure class=\"wp-block-image size-large has-custom-border is-style-rounded wp-duotone-unset-1\"><img loading=\"lazy\" decoding=\"async\" width=\"1024\" height=\"683\" src=\"https:\/\/108.org.pl\/wp-content\/uploads\/2024\/05\/mlodzziez_fundacja_108-1024x683.jpg\" alt=\"Grupa 5 u\u015bmiechni\u0119tych nastolatk\u00f3w\" class=\"wp-image-13\" style=\"border-width:12px\" srcset=\"https:\/\/108.org.pl\/wp-content\/uploads\/2024\/05\/mlodzziez_fundacja_108-1024x683.jpg 1024w, https:\/\/108.org.pl\/wp-content\/uploads\/2024\/05\/mlodzziez_fundacja_108-300x200.jpg 300w, https:\/\/108.org.pl\/wp-content\/uploads\/2024\/05\/mlodzziez_fundacja_108-768x512.jpg 768w, https:\/\/108.org.pl\/wp-content\/uploads\/2024\/05\/mlodzziez_fundacja_108-1536x1024.jpg 1536w, https:\/\/108.org.pl\/wp-content\/uploads\/2024\/05\/mlodzziez_fundacja_108-2048x1365.jpg 2048w\" sizes=\"auto, (max-width: 1024px) 100vw, 1024px\" \/><\/figure>\n\n\n\n<p class=\"has-text-align-center\">Wi\u0119cej informacji ju\u017c wkr\u00f3tce&#8230;<\/p>\n","protected":false},"excerpt":{"rendered":"<p>G\u0142\u00f3wnym celem fundacji jest dzia\u0142anie na rzecz dobrobytu wszystkich istot, w szczeg\u00f3lno\u015bci ale nie wy\u0142\u0105cznie w obszarach spraw spo\u0142ecznych, obszarach nauki, o\u015bwiaty, wychowania, kultury i sztuki, dziedzictwa spo\u0142eczno-kulturowego, ochrony zdrowia, ochrony \u015brodowiska, proces\u00f3w gospodarczych oraz rozwoju i wykorzystania technologii dla dobra wszystkich. Wi\u0119cej informacji ju\u017c wkr\u00f3tce&#8230;<\/p>\n","protected":false},"author":1,"featured_media":0,"parent":0,"menu_order":0,"comment_status":"closed","ping_status":"closed","template":"blank","meta":{"footnotes":""},"class_list":["post-6","page","type-page","status-publish","hentry"],"_links":{"self":[{"href":"https:\/\/108.org.pl\/index.php\/wp-json\/wp\/v2\/pages\/6","targetHints":{"allow":["GET"]}}],"collection":[{"href":"https:\/\/108.org.pl\/index.php\/wp-json\/wp\/v2\/pages"}],"about":[{"href":"https:\/\/108.org.pl\/index.php\/wp-json\/wp\/v2\/types\/page"}],"author":[{"embeddable":true,"href":"https:\/\/108.org.pl\/index.php\/wp-json\/wp\/v2\/users\/1"}],"replies":[{"embeddable":true,"href":"https:\/\/108.org.pl\/index.php\/wp-json\/wp\/v2\/comments?post=6"}],"version-history":[{"count":7,"href":"https:\/\/108.org.pl\/index.php\/wp-json\/wp\/v2\/pages\/6\/revisions"}],"predecessor-version":[{"id":16,"href":"https:\/\/108.org.pl\/index.php\/wp-json\/wp\/v2\/pages\/6\/revisions\/16"}],"wp:attachment":[{"href":"https:\/\/108.org.pl\/index.php\/wp-json\/wp\/v2\/media?parent=6"}],"curies":[{"name":"wp","href":"https:\/\/api.w.org\/{rel}","templated":true}]}}